{"id":396,"date":"2020-09-29T15:23:26","date_gmt":"2020-09-29T15:23:26","guid":{"rendered":"http:\/\/wp.valeskahenze.de\/wp-content\/uploads\/2020\/09\/Osteuropa-Aleksejwitsch-kl.jpg"},"modified":"2024-02-12T11:07:54","modified_gmt":"2024-02-12T11:07:54","slug":"osteuropa-aleksejwitsch-kl","status":"inherit","type":"attachment","link":"https:\/\/www.valeskahenze.de\/?attachment_id=396","title":{"rendered":"Osteuropa Aleksejwitsch kl"},"author":1,"featured_media":0,"comment_status":"open","ping_status":"closed","template":"","meta":{"pgc_sgb_lightbox_settings":""},"class_list":["post-396","attachment","type-attachment","status-inherit","hentry"],"jetpack_sharing_enabled":true,"description":{"rendered":"<p class=\"attachment\"><a href='https:\/\/www.valeskahenze.de\/wp-content\/uploads\/2020\/09\/Osteuropa-Aleksejwitsch-kl.jpg'><img loading=\"lazy\" decoding=\"async\" width=\"199\" height=\"300\" src=\"https:\/\/www.valeskahenze.de\/wp-content\/uploads\/2020\/09\/Osteuropa-Aleksejwitsch-kl-199x300.jpg\" class=\"attachment-medium size-medium\" alt=\"\" srcset=\"https:\/\/www.valeskahenze.de\/wp-content\/uploads\/2020\/09\/Osteuropa-Aleksejwitsch-kl-199x300.jpg 199w, https:\/\/www.valeskahenze.de\/wp-content\/uploads\/2020\/09\/Osteuropa-Aleksejwitsch-kl.jpg 650w\" sizes=\"auto, (max-width: 199px) 100vw, 199px\" data-attachment-id=\"396\" data-permalink=\"https:\/\/www.valeskahenze.de\/?attachment_id=396\" data-orig-file=\"https:\/\/www.valeskahenze.de\/wp-content\/uploads\/2020\/09\/Osteuropa-Aleksejwitsch-kl.jpg\" data-orig-size=\"650,978\" data-comments-opened=\"1\" data-image-meta=\"{&quot;aperture&quot;:&quot;0&quot;,&quot;credit&quot;:&quot;&quot;,&quot;camera&quot;:&quot;&quot;,&quot;caption&quot;:&quot;&quot;,&quot;created_timestamp&quot;:&quot;0&quot;,&quot;copyright&quot;:&quot;&quot;,&quot;focal_length&quot;:&quot;0&quot;,&quot;iso&quot;:&quot;0&quot;,&quot;shutter_speed&quot;:&quot;0&quot;,&quot;title&quot;:&quot;&quot;,&quot;orientation&quot;:&quot;1&quot;}\" data-image-title=\"Osteuropa Aleksejwitsch kl\" data-image-description=\"&lt;p&gt;\u00dcbersetzung aus dem Schwedischen, Osteuropa 1-2\/2018&lt;\/p&gt;\n\" data-image-caption=\"&lt;p&gt;aus dem Schwedischen, Beitr\u00e4ge \u00fcber Svetlana Aleksievi\u010d, 2018&lt;\/p&gt;\n\" data-medium-file=\"https:\/\/www.valeskahenze.de\/wp-content\/uploads\/2020\/09\/Osteuropa-Aleksejwitsch-kl-199x300.jpg\" data-large-file=\"https:\/\/www.valeskahenze.de\/wp-content\/uploads\/2020\/09\/Osteuropa-Aleksejwitsch-kl.jpg\" \/><\/a><\/p>\n<p>\u00dcbersetzung aus dem Schwedischen, Osteuropa 1-2\/2018<\/p>\n"},"caption":{"rendered":"<p>aus dem Schwedischen, Beitr\u00e4ge \u00fcber Svetlana Aleksievi\u010d, 2018<\/p>\n"},"alt_text":"","media_type":"image","mime_type":"image\/jpeg","media_details":{"width":650,"height":978,"file":"2020\/09\/Osteuropa-Aleksejwitsch-kl.jpg","sizes":{"medium":{"file":"Osteuropa-Aleksejwitsch-kl-199x300.jpg","width":199,"height":300,"mime_type":"image\/jpeg","source_url":"https:\/\/www.valeskahenze.de\/wp-content\/uploads\/2020\/09\/Osteuropa-Aleksejwitsch-kl-199x300.jpg"},"thumbnail":{"file":"Osteuropa-Aleksejwitsch-kl-150x150.jpg","width":150,"height":150,"mime_type":"image\/jpeg","source_url":"https:\/\/www.valeskahenze.de\/wp-content\/uploads\/2020\/09\/Osteuropa-Aleksejwitsch-kl-150x150.jpg"},"zeitreise-small":{"file":"Osteuropa-Aleksejwitsch-kl-650x975.jpg","width":650,"height":975,"mime_type":"image\/jpeg","source_url":"https:\/\/www.valeskahenze.de\/wp-content\/uploads\/2020\/09\/Osteuropa-Aleksejwitsch-kl-650x975.jpg"},"jetpack-portfolio-admin-thumb":{"file":"Osteuropa-Aleksejwitsch-kl-50x50.jpg","width":50,"height":50,"mime_type":"image\/jpeg","source_url":"https:\/\/www.valeskahenze.de\/wp-content\/uploads\/2020\/09\/Osteuropa-Aleksejwitsch-kl-50x50.jpg"},"full":{"file":"Osteuropa-Aleksejwitsch-kl.jpg","width":650,"height":978,"mime_type":"image\/jpeg","source_url":"https:\/\/www.valeskahenze.de\/wp-content\/uploads\/2020\/09\/Osteuropa-Aleksejwitsch-kl.jpg"}},"image_meta":{"aperture":"0","credit":"","camera":"","caption":"","created_timestamp":"0","copyright":"","focal_length":"0","iso":"0","shutter_speed":"0","title":"","orientation":"1","keywords":[]}},"post":null,"source_url":"https:\/\/www.valeskahenze.de\/wp-content\/uploads\/2020\/09\/Osteuropa-Aleksejwitsch-kl.jpg","_links":{"self":[{"href":"https:\/\/www.valeskahenze.de\/index.php?rest_route=\/wp\/v2\/media\/396","targetHints":{"allow":["GET"]}}],"collection":[{"href":"https:\/\/www.valeskahenze.de\/index.php?rest_route=\/wp\/v2\/media"}],"about":[{"href":"https:\/\/www.valeskahenze.de\/index.php?rest_route=\/wp\/v2\/types\/attachment"}],"author":[{"embeddable":true,"href":"https:\/\/www.valeskahenze.de\/index.php?rest_route=\/wp\/v2\/users\/1"}],"replies":[{"embeddable":true,"href":"https:\/\/www.valeskahenze.de\/index.php?rest_route=%2Fwp%2Fv2%2Fcomments&post=396"}]}}

<p class="attachment"><a href='https://www.valeskahenze.de/wp-content/uploads/2020/09/Osteuropa-Aleksejwitsch-kl.jpg'><img loading="lazy" decoding="async" width="199" height="300" src="https://www.valeskahenze.de/wp-content/uploads/2020/09/Osteuropa-Aleksejwitsch-kl-199x300.jpg" class="attachment-medium size-medium" alt="" srcset="https://www.valeskahenze.de/wp-content/uploads/2020/09/Osteuropa-Aleksejwitsch-kl-199x300.jpg 199w, https://www.valeskahenze.de/wp-content/uploads/2020/09/Osteuropa-Aleksejwitsch-kl.jpg 650w" sizes="auto, (max-width: 199px) 100vw, 199px" data-attachment-id="396" data-permalink="https://www.valeskahenze.de/?attachment_id=396" data-orig-file="https://www.valeskahenze.de/wp-content/uploads/2020/09/Osteuropa-Aleksejwitsch-kl.jpg" data-orig-size="650,978" data-comments-opened="1" data-image-meta="{&quot;aperture&quot;:&quot;0&quot;,&quot;credit&quot;:&quot;&quot;,&quot;camera&quot;:&quot;&quot;,&quot;caption&quot;:&quot;&quot;,&quot;created_timestamp&quot;:&quot;0&quot;,&quot;copyright&quot;:&quot;&quot;,&quot;focal_length&quot;:&quot;0&quot;,&quot;iso&quot;:&quot;0&quot;,&quot;shutter_speed&quot;:&quot;0&quot;,&quot;title&quot;:&quot;&quot;,&quot;orientation&quot;:&quot;1&quot;}" data-image-title="Osteuropa Aleksejwitsch kl" data-image-description="&lt;p&gt;Übersetzung aus dem Schwedischen, Osteuropa 1-2/2018&lt;/p&gt;
" data-image-caption="&lt;p&gt;aus dem Schwedischen, Beiträge über Svetlana Aleksievič, 2018&lt;/p&gt;
" data-medium-file="https://www.valeskahenze.de/wp-content/uploads/2020/09/Osteuropa-Aleksejwitsch-kl-199x300.jpg" data-large-file="https://www.valeskahenze.de/wp-content/uploads/2020/09/Osteuropa-Aleksejwitsch-kl.jpg" /></a></p>
<p>Übersetzung aus dem Schwedischen, Osteuropa 1-2/2018</p>

<p>aus dem Schwedischen, Beiträge über Svetlana Aleksievič, 2018</p>
